{"id":7470,"date":"2023-12-28T08:35:58","date_gmt":"2023-12-28T11:35:58","guid":{"rendered":"https:\/\/serviciodjs.cloud\/?post_type=product&#038;p=7470"},"modified":"2023-12-28T09:46:23","modified_gmt":"2023-12-28T12:46:23","slug":"energy-mix-61","status":"publish","type":"product","link":"https:\/\/serviciodjs.cloud\/index.php\/product\/energy-mix-61\/","title":{"rendered":"Energy Mix 61 &#8211; Edici\u00f3n Fiestas"},"content":{"rendered":"&#9888; <strong>El m\u00f3dulo no puede ser renderizado porque el contenido solicitado no es (ya) accesible. P\u00f3ngase en contacto con el administrador para obtener acceso.<\/strong>\n","protected":false},"excerpt":{"rendered":"<p><strong>Disponible ONLINE: Descarga por Google Drive.<\/strong><br \/>\n<strong>\u00a0<\/strong><br \/>\n<strong>Descarga sin esperas: Los links de descarga son enviados una vez finalizada la compra.<\/strong><\/p>\n","protected":false},"featured_media":7471,"template":"","meta":{"om_disable_all_campaigns":false,"_mi_skip_tracking":false},"product_brand":[],"product_cat":[39],"product_tag":[],"class_list":{"0":"post-7470","1":"product","2":"type-product","3":"status-publish","4":"has-post-thumbnail","6":"product_cat-energy-mix","7":"zita-woo-hover-zoom","8":"zita-woo-alignment-center","9":"zita-shadow-0","10":"zita-shadow-hover-0","11":"zita-single-product-content-left","12":"zita-single-product-tab-horizontal","14":"first","15":"instock","16":"virtual","17":"purchasable","18":"product-type-simple"},"aioseo_notices":[],"jetpack_sharing_enabled":true,"_links":{"self":[{"href":"https:\/\/serviciodjs.cloud\/index.php\/wp-json\/wp\/v2\/product\/7470","targetHints":{"allow":["GET"]}}],"collection":[{"href":"https:\/\/serviciodjs.cloud\/index.php\/wp-json\/wp\/v2\/product"}],"about":[{"href":"https:\/\/serviciodjs.cloud\/index.php\/wp-json\/wp\/v2\/types\/product"}],"wp:featuredmedia":[{"embeddable":true,"href":"https:\/\/serviciodjs.cloud\/index.php\/wp-json\/wp\/v2\/media\/7471"}],"wp:attachment":[{"href":"https:\/\/serviciodjs.cloud\/index.php\/wp-json\/wp\/v2\/media?parent=7470"}],"wp:term":[{"taxonomy":"product_brand","embeddable":true,"href":"https:\/\/serviciodjs.cloud\/index.php\/wp-json\/wp\/v2\/product_brand?post=7470"},{"taxonomy":"product_cat","embeddable":true,"href":"https:\/\/serviciodjs.cloud\/index.php\/wp-json\/wp\/v2\/product_cat?post=7470"},{"taxonomy":"product_tag","embeddable":true,"href":"https:\/\/serviciodjs.cloud\/index.php\/wp-json\/wp\/v2\/product_tag?post=7470"}],"curies":[{"name":"wp","href":"https:\/\/api.w.org\/{rel}","templated":true}]}}